In base 13, what is -4 + -3c56?
-3c5a
In base 4, what is -122032 + -3121?
-131213
In base 15, what is 8 - aecb?
-aec3
In base 15, what is -29 + -3088?
-30b2
In base 11, what is 2527 + -16?
2511
In base 2, what is 11001111011 + -11?
11001111000
In base 3, what is 120210 - -1001?
121211
In base 2, what is -10100000000111 + -1111?
-10100000010110
In base 12, what is 206435 + 4?
206439
In base 8, what is -66410 + 2?
-66406
In base 2, what is -111110 + 1001000?
1010
In base 13, what is 2c59 + -5b7?
2672
In base 15, what is c22 + -14?
c0d
In base 9, what is 67 + -87?
-20
In base 16, what is -10 + 322c?
321c
In base 4, what is -3 + 1020013222?
1020013213
In base 15, what is 75b7 + 0?
75b7
In base 10, what is -5 + 530215?
530210
In base 11, what is -1646856 - -3?
-1646853
In base 15, what is 6ab1 - -1?
6ab2
In base 6, what is -3 - 33315?
-33322
In base 7, what is 332 + -1564?
-1232
In base 16, what is -4 + aad7b?
aad77
In base 4, what is 1 + -10103100?
-10103033
In base 4, what is 1002 - 12110330?
-12103322
In base 2, what is -1 + 11001000111?
11001000110
In base 5, what is 3 + -123231?
-123223
In base 7, what is 115303 + -2?
115301
In base 5, what is -10 + -2244314?
-2244324
In base 7, what is 66 + -221?
-122
In base 11, what is 944 + -91?
863
In base 9, what is 2081 + 434?
2525
In base 9, what is 80 + -14175?
-14085
In base 16, what is -1deb8 + -6?
-1debe
In base 2, what is 11001100110110 + -11101?
11001100011001
In base 5, what is -11 + 34431?
34420
In base 14, what is -1 + 4923?
4922
In base 6, what is 2 - 32430?
-32424
In base 15, what is -10 + 1518?
1508
In base 11, what is 312 - 2a4a?
-2738
In base 7, what is -1554151 + 0?
-1554151
In base 4, what is -2 + -11222300?
-11222302
In base 4, what is 1 - -2231022?
2231023
In base 12, what is 34 + -41?
-9
In base 2, what is 1010000010111011 - 1110?
1010000010101101
In base 12, what is -3279 + -33?
-32b0
In base 2, what is -110011111001 - 1010?
-110100000011
In base 12, what is b5 - 16b1?
-15b8
In base 2, what is 1 + 101000001001000111?
101000001001001000
In base 4, what is -221202 + 111?
-221031
In base 6, what is -10300 + 1254?
-5002
In base 2, what is -101000000 + 1111011?
-11000101
In base 16, what is aa14 + 3?
aa17
In base 3, what is -121201010121 - 100?
-121201010221
In base 10, what is -444 + 579?
135
In base 10, what is -137735 - 3?
-137738
In base 10, what is 6918 + -1?
6917
In base 8, what is -3 + 4100?
4075
In base 11, what is 20 - -790?
800
In base 13, what is -10 - 85622?
-85632
In base 3, what is 21112 + 11111121?
11210010
In base 10, what is 0 + 872454?
872454
In base 8, what is -1 - 265521?
-265522
In base 3, what is -10021 - -102222?
22201
In base 12, what is -31 - 491?
-502
In base 2, what is -100 + -1110001101001100?
-1110001101010000
In base 5, what is -412232 - 13?
-412300
In base 3, what is 100211010212 + 0?
100211010212
In base 11, what is 1449 + 112?
1560
In base 6, what is -140022 + -132?
-140154
In base 5, what is -1011 - 11344?
-12410
In base 4, what is -3231300 - -101?
-3231133
In base 9, what is 3874 + -10?
3864
In base 2, what is 11110100011101 - 100?
11110100011001
In base 12, what is 866 - 54a?
318
In base 9, what is 1 - -48056?
48057
In base 7, what is -21152 - 11?
-21163
In base 11, what is -2 + 783a0?
78399
In base 4, what is -11 - 10120003?
-10120020
In base 15, what is -27c99 - 3?
-27c9c
In base 7, what is -66305 - -1?
-66304
In base 13, what is 276 - -6a4?
94a
In base 3, what is -221 + 1102?
111
In base 9, what is -338 - 610?
-1048
In base 8, what is 4 + -1574?
-1570
In base 11, what is 40 + -9?
32
In base 8, what is -10031 - -105?
-7724
In base 14, what is d - 39?
-2a
In base 11, what is 83a095 + -3?
83a092
In base 4, what is 20230031233 - 0?
20230031233
In base 14, what is 3d4 - 1c5?
20d
In base 8, what is 2 - 3106203?
-3106201
In base 15, what is -6 + 1bc5?
1bbe
In base 4, what is 2313 - 1223?
1030
In base 9, what is -70 + 13785?
13715
In base 13, what is -158 - -2?
-156
In base 7, what is -521 + -141222?
-142043
In base 11, what is 41 - -833?
874
In base 10, what is 4 - 8724?
-8720
In base 13, what is 4b7c1 - -16?
4b807
In base 2, what is -11000011010 + -1001101?
-11001100111
In base 12, what is 44 - -81?
105
In base 3, what is 21 + -10002021?
-10002000
In base 15, what is -1 - 5d8c?
-5d8d
In base 11, what is 23 - 668aa?
-66887
In base 8, what is -11 + -357?
-370
In base 5, what is -2040 + 112310?
110220
In base 5, what is 14441 - 1113?
13323
In base 8, what is 1743404 - -2?
1743406
In base 8, what is 203 + 1276?
1501
In base 9, what is 1005 - 37?
857
In base 16, what is 191be - -2?
191c0
In base 2, what is -11100 + 11100001101011011?
11100001100111111
In base 16, what is 3 - -2d8e?
2d91
In base 2, what is 11101 + 10101101110111101?
10101101111011010
In base 14, what is -7a - b55?
-bd1
In base 15, what is -31c + 4c?
-2c0
In base 5, what is -1303343 + -132?
-1304030
In base 5, what is -3140 - 100?
-3240
In base 10, what is 1 - 7318?
-7317
In base 13, what is a33 - -42?
a75
In base 13, what is -1572 + -5?
-1577
In base 15, what is -12c - -7e?
-9d
In base 4, what is 12 - -3303201?
3303213
In base 13, what is 5 - -7c0c7?
7c0cc
In base 11, what is -5 - 105594?
-105599
In base 5, what is 431 - 210?
221
In base 10, what is 473 + 117?
590
In base 12, what is 2 - -301a8?
301aa
In base 5, what is 4443 + -41003?
-31010
In base 5, what is 140 + -2041040?
-2040400
In base 4, what is -1220 + 103010?
101130
In base 7, what is -131356 - 50?
-131436
In base 15, what is 125 - -65?
18a
In base 13, what is 73 - a3bc?
-a349
In base 4, what is 101322 + -1112?
100210
In base 4, what is 3 + -10313312?
-10313303
In base 16, what is -163 - 206?
-369
In base 8, what is 12622 - 60?
12542
In base 16, what is -3bf79 - -3?
-3bf76
In base 16, what is -164 + 0?
-164
In base 8, what is 137 - -71344?
71503
In base 14, what is -3058 + -22?
-307a
In base 9, what is 565 + -62?
503
In base 4, what is -113 + -21330?
-22103
In base 9, what is -12 + 2211?
2188
In base 2, what is 100011100010111 - 111?
100011100010000
In base 9, what is 71 - 6?
64
In base 7, what is -11453555 - 5?
-11453563
In base 12, what is -347 + 384?
39
In base 14, what is 1 - 3d312?
-3d311
In base 7, what is -14332 - -4?
-14325
In base 15, what is 28 + -ca42?
-ca19
In base 7, what is 5 + 51356?
51364
In base 12, what is 2 + -36a314?
-36a312
In base 4, what is 20210 + 213?
21023
In base 4, what is 201033312 + 0?
201033312
In base 13, what is b - -127a?
1288
In base 12, what is 2142 - -16?
2158
In base 5, what is 13 - 1322004?
-1321441
In base 16, what is 2bc0 - -11?
2bd1
In base 2, what is 1010001100111111 + -11?
1010001100111100
In base 5, what is 3 + 23132241?
23132244
In base 9, what is 525 + 388?
1024
In base 6, what is -5 - -2032235?
2032230
In base 12, what is -117048b - 0?
-117048b
In base 4, what is 1031301 - -21?
1031322
In base 5, what is 11 + 142313?
142324
In base 7, what is 1264 + -324?
640
In base 6, what is -123051 - -514?
-122133
In base 11, what is 5a80 + -6?
5a75
In base 7, what is 1411 - 313?
1065
In base 9, what is -1 - -125216?
125215
In base 8, what is 17616 - -16?
17634
In base 3, what is -1 + -120210022?
-120210100
In base 7, what is 25 + 20240?
20265
In base 11, what is -3 - -2650?
2648
In base 10, what is 4306 - -291?
4597
In base 7, what is 66 - -40?
136
In base 11, what is -1165 + -11?
-1176
In base 7, what is 4 + -355?
-351
In base 4, what is -3 + -1101023?
-1101032
In base 9, what is -4 - -3620?
3615
In base 13, what is -98c - -4b2?
-4aa
In base 12, what is 28 + 7420?
7448
In base 6, what is 0 - -5524343?
5524343
In base 7, what is 15616 + -6?
15610
In base 15, what is 2 - -c7e3?
c7e5
In base 7, what is 12 - -1324143?
1324155
In base 5, what is 233 - 214002?
-213214
In base 3, what is -1222 - -1012021?
1010022
In base 11, what is -77a - -35?
-745
In base 4, what is 1111332131 + -31?
1111332100
In base 6, what is 151 + -43420?
-43225
In base 16, what is 1a + 74c6?
74e0
In base 6, what is -2 + 11311511?
11311505
In base 8, what is 22 + -277?
-255
In base 14, what is c2 + -2b64?
-2a82
In base 11, what is -192 - -296?
104
In base 14, what is -1 + -489c?
-489d
In base 6, what is 53243432 + 5?
53243441
In base 16, what is 1214 + 17?
122b
In base 11, what is -8 + 25851?
25844
In base 15, what is 2 - -a30